 t be 6 + 12/((-12)/3). Let n be ((-80)/t)/((-5)/30 - 0). What is the greatest common divisor of n and 64?
32
Let p be 50/30 + (-1)/(-3). Let i be ((-2)/5)/((-2)/160*p). Suppose 2*g + 4 - i = 0. Calculate the highest common divisor of g and 48.
6
Let v(h) = -6*h**3 - 2*h**2 - 2*h + 1. Let d be v(-2). Let u = 1235 + -1199. What is the highest common divisor of u and d?
9
Suppose -4*u = -o - 1009, o - 3*o = -u + 247. Suppose 37*i = 524 - 117. What is the highest common divisor of i and u?
11
Let r = 39 + -41. Let u be -6 + 3 + r + 32. Calculate the greatest common factor of u and 3.
3
Suppose -6*d = 5*f - d - 745, d = -4*f + 614. What is the highest common divisor of 341 and f?
31
Suppose -2*r = b + 784, 3*b - 5*b = -2*r - 778. Let z = 400 + r. Calculate the greatest common factor of z and 7.
1
Let u be (-20)/25 + (-5)/((-125)/14120). Calculate the highest common divisor of u and 799.
47
Let h be (-158883)/(-5697) - (1/2 + 11/(-18)). Calculate the highest common divisor of 4886 and h.
14
Let s(a) = a**2 - 59*a + 730. Let j be s(42). Calculate the greatest common divisor of 5992 and j.
8
Let m be (-328)/(-48) + (-6)/(108/15). Let y be ((-70)/(-2))/((25/(-10))/(-5)). Suppose -10 = z - y. Calculate the greatest common divisor of m and z.
6
Let r(z) = 63*z**2 - 2307*z - 5. Let l be r(37). Calculate the highest common divisor of 1 and l.
1
Suppose 31 = -n + 26, -4*t + 4*n = -1568. Suppose -5*z = -5*o - 230, -6*z + 3*z + 2*o = -135. What is the highest common factor of z and t?
43
Suppose 0 = 4*l - 871 - 1001. Let s = l - 156. Calculate the highest common divisor of 24 and s.
24
Suppose 460 = 22*b - 442. Calculate the highest common divisor of 16 and b.
1
Let k(o) = o**2 - 23*o + 171. Let b be k(9). Calculate the greatest common factor of 300 and b.
15
Let o be (-79 - -1)*8/(-12). Suppose -22*p + 27*p + 5*h - 1050 = 0, 22 = -2*h. Calculate the highest common factor of p and o.
13
Suppose -l - 346 = -274. Let k be 6*((-4)/(-18) + (-1064)/l). What is the highest common factor of k and 45?
45
Let a = -10806 - -10875. What is the highest common divisor of a and 7452?
69
Let o be ((-168)/(-10))/(37 + -28 - 806/90). What is the greatest common factor of o and 3456?
54
Suppose -4*i + 32 = -0*i. Suppose 5 = -18*v + 19*v. Suppose v = g + z, 0*g = 5*g - z - 43. Calculate the highest common divisor of g and i.
8
Suppose 10*f - 4*f - 1710 = 0. Let g be -2*f/(-2) + 4. Suppose 5*t = g - 19. Calculate the highest common divisor of t and 18.
18
Suppose 2*r + 32 = m - 204, -4*m + 944 = 3*r. Let v = m - 164. What is the greatest common divisor of 18 and v?
18
Suppose 3*o - 165 - 71 = -4*s, -4*o + 464 = 8*s. Calculate the greatest common divisor of s and 43.
1
Let a = -2076 + 9164. Calculate the greatest common factor of a and 16.
16
Let l = -47 + 71. Let q = -18304 - -19312. Calculate the greatest common divisor of q and l.
24
Let l(x) = x**3 - 7*x**2 - x + 2. Let z be l(7). Let a(j) = -3*j + 1 - 7*j - 13 - 4. Let s be a(z). Calculate the highest common factor of 272 and s.
34
Let o(t) = 7*t**3 - 2*t**2 - 5*t - 6. Let p be o(-2). Let k be (-6)/p - 149/(-10). Calculate the greatest common divisor of 15 and k.
15
Let a = 830 - 828. Let o be 1*135/6*a. Calculate the greatest common factor of 4 and o.
1
Suppose -b - 21 = -5*c, 16 = 2*b + 2*b. Suppose -3*p + 3*v + 1 = -2, p - 3*v + 9 = 0. Suppose -d = -19 - p. What is the highest common divisor of c and d?
5
Let m = 37842 - 37822. Let d be 2/(-6) + (-182)/(-6). Calculate the highest common divisor of d and m.
10
Let j be ((-56)/98)/(4/(-14) - 0)*27. Calculate the greatest common factor of 2187 and j.
27
Suppose -k = 4*k - 45. Let f be (-322)/(-12) - k/(-54). Let i = 526 + -523. What is the greatest common factor of f and i?
3
Let o = -10640 - -10904. What is the greatest common divisor of o and 24?
24
Suppose -1070 = 13*j - 23*j. Let i = 363 - j. What is the highest common factor of i and 16?
16
Let y(r) = -r**3 + 6*r**2 - r - 4. Let c be y(5). Suppose v = -v + c. Suppose -3679*q = -3690*q + 968. Calculate the greatest common divisor of v and q.
8
Suppose -3*g = -6*c + 123, 0 = -3*g + 35 - 50. Calculate the highest common factor of c and 27558.
18
Let y = 19 - -2. Suppose 2*d - 14 = -z + 3*z, 4*z = -3*d + 14. Let x be d/y - (-1368)/14. What is the highest common divisor of x and 14?
14
Let r be (-315)/25*(-210)/126. Calculate the greatest common factor of 8085 and r.
21
Let i(m) = -11*m**2 - 15*m - 43. Let d(p) = -19*p**2 - 31*p - 86. Let v(j) = -3*d(j) + 5*i(j). Let a be v(-9). What is the highest common factor of a and 129?
43
Let i be 8/(-24) + (-70)/6. Let u = 23 + i. Suppose g - 4*v - u = -2, -5 = g + 3*v. Calculate the highest common divisor of 7 and g.
1
Suppose 39*y - 334858 = 115982. Calculate the greatest common divisor of y and 170.
170
Let s be -2 + -2 + 8 + -2. Let y be (3/6)/(s/200). Let i = y + -20. Calculate the highest common divisor of 15 and i.
15
Suppose 4*p - 3*g = -6*g + 7418, 3742 = 2*p - 4*g. What is the highest common factor of 1001 and p?
143
Let p be 15/(-6)*156/(-65). What is the greatest common divisor of 588 and p?
6
Suppose -4*r = -3*b + 14936, 3*b - 14972 = -24*r + 19*r. Calculate the highest common divisor of b and 168.
56
Let a = -21 - -49. Suppose -238 = -r + 70. What is the highest common factor of a and r?
28
Suppose 59 = f + 54. Suppose -4*t + 3*t + 8 = -2*i, f*t = -4*i + 110. Calculate the greatest common factor of t and 6.
6
Let u be (-2)/(-8)*2*(332 + (0 - 2)). What is the highest common divisor of u and 99?
33
Let b = -15004 - -15006. What is the highest common factor of 1338 and b?
2
Let a(j) = -11*j + 38. Let c be a(3). Suppose 5*w - 390 = -5*h, -c*w + 0*h = 2*h - 402. Calculate the greatest common factor of 205 and w.
41
Suppose 3*n = -5*k - 13, 2*n - 11*k + 15*k = -12. Suppose 0*s - 2*i + 54 = 4*s, 12 = n*i. What is the highest common divisor of 132 and s?
12
Let d be 38322/(-42) + ((-100)/(-35))/(-5). Let z = d - -925. Calculate the highest common factor of z and 3.
3
Let f = -564 + 667. Let a = f - 92. What is the highest common factor of 8 and a?
1
Let q = 239 + -237. Suppose -199 = -5*c + q*o + 186, 5*o = -25. Calculate the greatest common divisor of c and 30.
15
Let b = 242 - 220. Suppose 0 = t, -4*l + t + b = -230. What is the greatest common divisor of l and 1323?
63
Suppose 3*k - c + 38 - 218 = 0, 0 = 5*k - 7*c - 300. Suppose 0 = -2*p + 269 + 33. Suppose -31 + p = 3*s. What is the highest common divisor of k and s?
20
Let p(v) be the second derivative of v**5/20 + 11*v**4/6 + 17*v**3/6 + 9*v**2 - 179*v. Let o be p(-10). Calculate the greatest common factor of o and 8.
8
Let p be 5 + (5 + -9)/(-1). Suppose 84 = -p*o + 489. Suppose -549 = -4*m + 3*t, -5*t = 5*m - 0*t - 660. Calculate the greatest common factor of m and o.
45
Let v be (-888)/(-15) + (-2)/10. Suppose 53*c + 372 = v*c. What is the highest common divisor of 124 and c?
62
Suppose 59 - 201 = u - 4*i, 2*u + 3*i = -295. Let o = -55 - u. Calculate the highest common factor of 28 and o.
7
Let w = 5 - 5. Suppose w = 5*r + 2*u - 1188, 4*r - 2*u = 7*r - 712. What is the greatest common factor of 56 and r?
14
Let v be ((-8404)/(-36))/11 + 4/(-18). Suppose 428 + 1189 = 11*y. What is the highest common divisor of v and y?
21
Let p = -12 + 30. Let o(z) = 7*z + 37. Let w be o(-5). Suppose -204 = -4*h + 3*n, w*h = 4*n - 9*n + 128. Calculate the greatest common divisor of p and h.
18
Let g = -76 - -78. Suppose 2*v + g*v - 168 = -u, -5*v = 4*u - 694. What is the highest common factor of u and 22?
22
Suppose 4*y - 4876 = 2*n, -4*y + 7298 = -3*n + 2424. What is the greatest common divisor of 20 and y?
20
Let a = -68 - -159. Suppose -u - 4*p = -a, -19 = -p - 24. What is the highest common divisor of 185 and u?
37
Suppose 0 = -w + 3*f + 2334, 3*w + 4*f - 7*f = 7008. Calculate the greatest common factor of w and 38.
19
Let u(o) = 11*o**3 - 6*o**2 - 62*o + 269. Let g be u(4). What is the greatest common factor of g and 799?
17
Let p = 15 + -3. Suppose 44*g - 3 = 79 + 182. What is the highest common factor of g and p?
6
Suppose -7*r - 34142 = -2*x - 9*r, 4*r - 20 = 0. Calculate the highest common divisor of x and 966.
322
Suppose -2*s + 90 = -2*b, 2*b = -385*s + 386*s - 41. Suppose 5*j + 3 = -2. Let v be (-7)/(-2)*(1 - j). What 